{"version":"1.0","provider_name":"Ekre - Be Natural","provider_url":"https:\/\/ekre.it\/fr\/","author_name":"admin","author_url":"https:\/\/ekre.it\/fr\/author\/admin\/","title":"Natur\u00e9 - Masque protecteur de couleur - Ekre - Be Natural","type":"rich","width":600,"height":338,"html":"<blockquote class=\"wp-embedded-content\" data-secret=\"jQduq0HxWv\"><a href=\"https:\/\/ekre.it\/fr\/prodotto\/nature-masque-protecteur-de-couleur\/\">Natur\u00e9 &#8211; Masque protecteur de couleur<\/a><\/blockquote><iframe sandbox=\"allow-scripts\" security=\"restricted\" src=\"https:\/\/ekre.it\/fr\/prodotto\/nature-masque-protecteur-de-couleur\/embed\/#?secret=jQduq0HxWv\" width=\"600\" height=\"338\" title=\"\u00ab\u00a0Natur\u00e9 &#8211; Masque protecteur de couleur\u00a0\u00bb &#8212; Ekre - Be Natural\" data-secret=\"jQduq0HxWv\" frameborder=\"0\" marginwidth=\"0\" marginheight=\"0\" scrolling=\"no\" class=\"wp-embedded-content\"><\/iframe><script>\n\/*! This file is auto-generated *\/\n!function(d,l){\"use strict\";l.querySelector&&d.addEventListener&&\"undefined\"!=typeof URL&&(d.wp=d.wp||{},d.wp.receiveEmbedMessage||(d.wp.receiveEmbedMessage=function(e){var t=e.data;if((t||t.secret||t.message||t.value)&&!\/[^a-zA-Z0-9]\/.test(t.secret)){for(var s,r,n,a=l.querySelectorAll('iframe[data-secret=\"'+t.secret+'\"]'),o=l.querySelectorAll('blockquote[data-secret=\"'+t.secret+'\"]'),c=new RegExp(\"^https?:$\",\"i\"),i=0;i<o.length;i++)o[i].style.display=\"none\";for(i=0;i<a.length;i++)s=a[i],e.source===s.contentWindow&&(s.removeAttribute(\"style\"),\"height\"===t.message?(1e3<(r=parseInt(t.value,10))?r=1e3:~~r<200&&(r=200),s.height=r):\"link\"===t.message&&(r=new URL(s.getAttribute(\"src\")),n=new URL(t.value),c.test(n.protocol))&&n.host===r.host&&l.activeElement===s&&(d.top.location.href=t.value))}},d.addEventListener(\"message\",d.wp.receiveEmbedMessage,!1),l.addEventListener(\"DOMContentLoaded\",function(){for(var e,t,s=l.querySelectorAll(\"iframe.wp-embedded-content\"),r=0;r<s.length;r++)(t=(e=s[r]).getAttribute(\"data-secret\"))||(t=Math.random().toString(36).substring(2,12),e.src+=\"#?secret=\"+t,e.setAttribute(\"data-secret\",t)),e.contentWindow.postMessage({message:\"ready\",secret:t},\"*\")},!1)))}(window,document);\n\/\/# sourceURL=https:\/\/ekre.it\/wp-includes\/js\/wp-embed.min.js\n<\/script>\n","thumbnail_url":"https:\/\/ekre.it\/wp-content\/uploads\/2024\/05\/42031_ekre_nature_protection_mask_equiseto_1000ml.png","thumbnail_width":800,"thumbnail_height":800,"description":"Masque protecteur indiqu\u00e9 pour les cheveux color\u00e9s ou d\u00e9color\u00e9s: le masque Natur\u00e9 agit sur les cheveux en les rendant doux et lumineux.\u00a0  Il hydrate les cheveux tout en leur conf\u00e9rant une couleur profonde, avec une intensit\u00e9 et une brillance durables. Gr\u00e2ce \u00e0 sa formule \u00e0 l'extrait de pr\u00eale et de marronnier d'Inde, le masque protecteur de couleur Natur\u00e9 agit \u00e9galement sur les cheveux les plus ab\u00eem\u00e9s et les plus fragilis\u00e9s par l'action chimique de la coloration, et les prot\u00e8ge de la photo-oxydation.\u00a0  Usage professionnel Certifi\u00e9 VEGANOK,\u00a0ce produit\u00a0ne comporte aucun ingr\u00e9dient d\u2019origine animale et refl\u00e8te enti\u00e8rement les valeurs \u00e9thiques v\u00e9ganes. Format 1000 ml"}

Naturé - Masque protecteur de couleur - Ekre - Be Natural

<blockquote class="wp-embedded-content" data-secret="jQduq0HxWv"><a href="https://ekre.it/fr/prodotto/nature-masque-protecteur-de-couleur/">Naturé &#8211; Masque protecteur de couleur</a></blockquote><iframe sandbox="allow-scripts" security="restricted" src="https://ekre.it/fr/prodotto/nature-masque-protecteur-de-couleur/embed/#?secret=jQduq0HxWv" width="600" height="338" title="« Naturé &#8211; Masque protecteur de couleur » &#8212; Ekre - Be Natural" data-secret="jQduq0HxWv" frameborder="0" marginwidth="0" marginheight="0" scrolling="no" class="wp-embedded-content"></iframe><script>
/*! This file is auto-generated */
!function(d,l){"use strict";l.querySelector&&d.addEventListener&&"undefined"!=typeof URL&&(d.wp=d.wp||{},d.wp.receiveEmbedMessage||(d.wp.receiveEmbedMessage=function(e){var t=e.data;if((t||t.secret||t.message||t.value)&&!/[^a-zA-Z0-9]/.test(t.secret)){for(var s,r,n,a=l.querySelectorAll('iframe[data-secret="'+t.secret+'"]'),o=l.querySelectorAll('blockquote[data-secret="'+t.secret+'"]'),c=new RegExp("^https?:$","i"),i=0;i<o.length;i++)o[i].style.display="none";for(i=0;i<a.length;i++)s=a[i],e.source===s.contentWindow&&(s.removeAttribute("style"),"height"===t.message?(1e3<(r=parseInt(t.value,10))?r=1e3:~~r<200&&(r=200),s.height=r):"link"===t.message&&(r=new URL(s.getAttribute("src")),n=new URL(t.value),c.test(n.protocol))&&n.host===r.host&&l.activeElement===s&&(d.top.location.href=t.value))}},d.addEventListener("message",d.wp.receiveEmbedMessage,!1),l.addEventListener("DOMContentLoaded",function(){for(var e,t,s=l.querySelectorAll("iframe.wp-embedded-content"),r=0;r<s.length;r++)(t=(e=s[r]).getAttribute("data-secret"))||(t=Math.random().toString(36).substring(2,12),e.src+="#?secret="+t,e.setAttribute("data-secret",t)),e.contentWindow.postMessage({message:"ready",secret:t},"*")},!1)))}(window,document);
//# sourceURL=https://ekre.it/wp-includes/js/wp-embed.min.js
</script>

Masque protecteur indiqué pour les cheveux colorés ou décolorés: le masque Naturé agit sur les cheveux en les rendant doux et lumineux.   Il hydrate les cheveux tout en leur conférant une couleur profonde, avec une intensité et une brillance durables. Grâce à sa formule à l'extrait de prêle et de marronnier d'Inde, le masque protecteur de couleur Naturé agit également sur les cheveux les plus abîmés et les plus fragilisés par l'action chimique de la coloration, et les protège de la photo-oxydation.   Usage professionnel Certifié VEGANOK, ce produit ne comporte aucun ingrédient d’origine animale et reflète entièrement les valeurs éthiques véganes. Format 1000 ml
